 the prime factors of 920722442.
2, 67, 227, 30269
List the prime factors of 2033820006.
2, 3, 41, 8267561
What are the prime factors of 584475388?
2, 7, 2729, 7649
What are the prime factors of 594906528?
2, 3, 6196943
What are the prime factors of 5528696438?
2, 23, 1009, 5179
What are the prime factors of 1667338977?
3, 19, 23, 1271807
What are the prime factors of 2702207402?
2, 61, 22149241
List the prime factors of 224532620.
2, 5, 13, 769, 1123
What are the prime factors of 6379693?
6379693
What are the prime factors of 418095466?
2, 3299, 63367
What are the prime factors of 3100719115?
5, 13, 47703371
List the prime factors of 3470241023.
463, 7495121
List the prime factors of 6225335010.
2, 3, 5, 69170389
List the prime factors of 1325995731.
3, 19, 2584787
List the prime factors of 3389212297.
127, 191, 139721
What are the prime factors of 1058968835?
5, 31, 67, 107, 953
What are the prime factors of 80391679?
19, 577, 7333
What are the prime factors of 66875239?
66875239
What are the prime factors of 44085698?
2, 22042849
What are the prime factors of 551454143?
17, 32438479
What are the prime factors of 4450642218?
2, 3, 11, 149, 257, 587
List the prime factors of 7519003284.
2, 3, 13, 41, 1175579
List the prime factors of 6490639020.
2, 3, 5, 19, 5693543
List the prime factors of 69051571.
2659, 25969
What are the prime factors of 264469279?
264469279
What are the prime factors of 4134549382?
2, 431, 4796461
List the prime factors of 42621124.
2, 7, 13, 9007
List the prime factors of 18364148.
2, 11, 17, 24551
List the prime factors of 274144944.
2, 3, 179, 31907
What are the prime factors of 175483208?
2, 2111, 10391
List the prime factors of 353551306.
2, 9473, 18661
List the prime factors of 158150128.
2, 9884383
What are the prime factors of 263169702?
2, 3, 67, 72739
List the prime factors of 98087774.
2, 2141, 22907
What are the prime factors of 1821994?
2, 31, 29387
List the prime factors of 4231758601.
7, 2531, 238853
List the prime factors of 2751181911.
3, 71, 4305449
List the prime factors of 208742268.
2, 3, 7, 2485027
List the prime factors of 348989087.
113, 3088399
What are the prime factors of 1523804380?
2, 5, 7, 31, 479, 733
List the prime factors of 15717209.
15717209
What are the prime factors of 2106152?
2, 263269
What are the prime factors of 39264511?
11, 13, 37, 41, 181
List the prime factors of 942245394.
2, 3, 10079, 15581
List the prime factors of 407426114.
2, 17, 3313, 3617
What are the prime factors of 340457332?
2, 29, 331, 8867
What are the prime factors of 1275432876?
2, 3, 29, 31, 39409
What are the prime factors of 117278660?
2, 5, 79, 199, 373
What are the prime factors of 84849176?
2, 17, 419, 1489
What are the prime factors of 42804954?
2, 3, 109, 21817
List the prime factors of 88950708.
2, 3, 7, 11, 32089
What are the prime factors of 40231384?
2, 17, 295819
What are the prime factors of 47600878?
2, 13, 140831
What are the prime factors of 74844829?
17, 23, 67, 2857
List the prime factors of 11570406.
2, 3, 1928401
What are the prime factors of 1417420342?
2, 13, 54516167
List the prime factors of 2165125215.
3, 5, 11, 13121971
List the prime factors of 291882874.
2, 145941437
What are the prime factors of 226842927?
3, 4297, 17597
List the prime factors of 37483067.
19, 283, 6971
What are the prime factors of 4431663619?
107, 5419, 7643
List the prime factors of 1811445524.
2, 7, 9242069
List the prime factors of 140213932.
2, 41, 854963
What are the prime factors of 343673788?
2, 463, 185569
What are the prime factors of 54468464?
2, 3404279
List the prime factors of 29944029.
3, 47, 212369
List the prime factors of 3834703789.
7, 2843, 27527
List the prime factors of 334151153.
7, 23, 47, 44159
List the prime factors of 68703046.
2, 34351523
What are the prime factors of 12387215?
5, 1423, 1741
What are the prime factors of 307454139?
3, 859, 39769
What are the prime factors of 676044152?
2, 7, 23, 491, 1069
List the prime factors of 72964264.
2, 9120533
What are the prime factors of 610777823?
619, 986717
List the prime factors of 38434271.
38434271
What are the prime factors of 94583951?
7, 11, 37, 33199
List the prime factors of 40820435.
5, 37, 233, 947
List the prime factors of 3434210449.
43093, 79693
List the prime factors of 2846694734.
2, 13, 691, 158449
List the prime factors of 133788571.
7, 29, 94151
What are the prime factors of 416160379?
137, 151, 20117
What are the prime factors of 106412427?
3, 11, 358291
List the prime factors of 153426721.
7, 23, 151, 6311
What are the prime factors of 20879361?
3, 2319929
What are the prime factors of 556562007?
3, 61840223
What are the prime factors of 60439943?
60439943
List the prime factors of 754369466.
2, 377184733
List the prime factors of 100676590.
2, 5, 7, 1438237
List the prime factors of 46384496.
2, 2899031
List the prime factors of 68020177.
23, 2957399
What are the prime factors of 1017807886?
2, 167, 521, 5849
List the prime factors of 7095638189.
7095638189
What are the prime factors of 45476155?
5, 43, 4919
List the prime factors of 5813408306.
2, 43, 67597771
List the prime factors of 55914515.
5, 67, 166909
List the prime factors of 99838114.
2, 53, 109, 8641
What are the prime factors of 4020373776?
2, 3, 83757787
What are the prime factors of 9161417?
1999, 4583
List the prime factors of 135932666.
2, 233, 291701
What are the prime factors of 137843613?
3, 19, 89567
List the prime factors of 1364786167.
23, 59338529
List the prime factors of 70589993.
61, 1157213
What are the prime factors of 34279357?
7, 4897051
List the prime factors of 338584833.
3, 2309, 5431
What are the prime factors of 445652592?
2, 3, 7, 11, 120577
List the prime factors of 413259158.
2, 13, 19, 83, 10079
What are the prime factors of 514330105?
5, 1151, 89371
What are the prime factors of 962051055?
3, 5, 7, 31, 42223
List the prime factors of 1445417702.
2, 349, 2070799
List the prime factors of 305274715.
5, 61054943
List the prime factors of 931421248.
2, 23, 479, 1321
What are the prime factors of 159401342?
2, 29, 191, 14389
What are the prime factors of 227565059?
23, 29, 37, 9221
What are the prime factors of 29972220?
2, 3, 5, 23, 37, 587
What are the prime factors of 37192599?
3, 4132511
What are the prime factors of 50724727?
6121, 8287
What are the prime factors of 59294338?
2, 1999, 14831
List the prime factors of 134042728.
2, 1163, 14407
List the prime factors of 1827861768.
2, 3, 8462323
List the prime factors of 8713671.
3, 2904557
List the prime factors of 5863739803.
8293, 707071
What are the prime factors of 4675301806?
2, 7, 5683, 58763
What are the prime factors of 714506425?
5, 67, 163, 2617
What are the prime factors of 1756195474?
2, 11, 101, 353, 2239
List the prime factors of 2292427888.
2, 3001, 47743
What are the prime factors of 21394273?
1123, 19051
List the prime factors of 3871890.
2, 3, 5, 11, 3911
List the prime factors of 46494850.
2, 5, 929897
List the prime factors of 2460971964.
2, 3, 11, 127, 146801
List the prime factors of 665188993.
7, 19, 5001421
What are the prime factors of 179952704?
2, 2811761
List the prime factors of 49681779.
3, 7, 229, 10331
What are the prime factors of 1260676842?
2, 3, 210112807
List the prime factors of 69411493.
17, 23, 113, 1571
What are the prime factors of 31065458?
2, 1051, 14779
What are the prime factors of 695528729?
7, 3779, 26293
What are the prime factors of 211557374?
2, 7, 163, 92707
What are the prime factors of 1365720030?
2, 3, 5, 2791, 5437
List the prime factors of 3959447916.
2, 3, 211, 613, 2551
What are the prime factors of 261928986?
2, 3, 11, 29, 136849
What are the prime factors of 323920772?
2, 7, 163, 10139
What are the prime factors of 13309819?
31, 429349
What are the prime factors of 697542236?
2, 179, 601, 1621
List the prime factors of 40408856.
2, 5051107
What are the prime factors of 4215489390?
2, 3, 5, 7, 71, 73, 1291
List the prime factors of 7842478.
2, 7, 19, 29483
List the prime factors of 193555170.
2, 3, 5, 83, 2879
What are the prime factors of 300085843?
15263, 19661
List the prime factors of 1219083191.
23, 53003617
List the prime factors of 1963066198.
2, 1291, 760289
List the prime factors of 2837316119.
11, 61, 4228